{"id":165,"date":"2018-12-31T13:02:19","date_gmt":"2018-12-31T12:02:19","guid":{"rendered":"http:\/\/www.d-3-s.de\/?page_id=165"},"modified":"2023-09-04T08:02:47","modified_gmt":"2023-09-04T06:02:47","slug":"leistungen-im-bereich-iso-iec-27001","status":"publish","type":"page","link":"https:\/\/www.ds-christiansen.de\/?page_id=165","title":{"rendered":"Leistungen im Bereich ISO\/IEC 27001"},"content":{"rendered":"\n<p><strong> ISMS-Einf\u00fchrung<\/strong><\/p>\n\n\n\n<p>Wir unterst\u00fctzen Sie bei der Planung und der Implementierung Ihres Informationssicherheitsmanagementsystems (ISMS). Wir erarbeiten mit Ihnen zusammen im Vorfeld Ihre Anforderungen an das Informationssicherheitsmanagement und begleiten Sie von der Konzepterstellung bis zum Go-Life. Danach stehen wir Ihnen bei der Aufrechterhaltung und der kontinuierlichen Verbesserung ihres Systems zur Seite.<\/p>\n\n\n\n<div style=\"height:20px\" aria-hidden=\"true\" class=\"wp-block-spacer\"><\/div>\n\n\n\n<p><strong> Audit-Vorbereitung<\/strong><\/p>\n\n\n\n<p>Sie haben sich entschlossen, Ihr Unternehmen nach ISO\/IEC 27001 zertifizieren zu lassen. Wir stehen Ihnen als Partner zur Seite und begleiten Sie durch den gesamten Auditierungsprozess bis zur Zertifikatserteilung. Gemeinsam mit Ihnen planen wir alle notwendigen Schritte und Ma\u00dfnahmen und f\u00fchren diese durch. \u00dcber die Bestandsaufnahme, ein Voraudit und die Auditplanung bis zur Begleitung im Zertifizierungsaudit sind wir an Ihrer Seite. Nach erfolgreicher Zertifizierung arbeiten wir gemeinsam an der kontinuierlichen Verbesserung Ihres Informationssicherheitsmanagementsystems und unterst\u00fctzen Sie bei den kommenden Aufgaben zur Aufrechterhaltung Ihrer Zertifizierung.&nbsp;<\/p>\n\n\n\n<div style=\"height:20px\" aria-hidden=\"true\" class=\"wp-block-spacer\"><\/div>\n\n\n\n<p><strong> 1. Party Audit (Interne Audits)<\/strong><\/p>\n\n\n\n<p>F\u00fcr die regelm\u00e4\u00dfige \u00dcberpr\u00fcfung und Verbesserung der Informationssicherheit in Ihrem Unternehmen f\u00fchren wir f\u00fcr Sie interne, individuell geplante Audits durch. Durch die regelm\u00e4\u00dfige, unabh\u00e4ngige \u00dcberpr\u00fcfung der in Ihrem Unternehmen umgesetzten Ma\u00dfnahmen bleiben Sie auf einem aktuellen Stand und sind bestm\u00f6glich auf die sich schnell \u00e4ndernden, vielf\u00e4ltigen Bedrohungen der Informationssicherheit vorbereitet. F\u00fcr ISO\/IEC 27001 zertifizierte Unternehmen f\u00fchren wir internen Audits durch und begleiten sie bei den \u00dcberpr\u00fcfungsaudits oder der Rezertifizierung.&nbsp;<\/p>\n\n\n\n<div style=\"height:20px\" aria-hidden=\"true\" class=\"wp-block-spacer\"><\/div>\n\n\n\n<p> <strong>2. Party Audits (Audits von Lieferanten \/ Dienstleistern)<\/strong><\/p>\n\n\n\n<p>Wir f\u00fchren f\u00fcr Sie Audits zur Informationssicherheit bei Dienstleistern und Lieferanten durch. Durch eine unabh\u00e4ngige Auditierung bekommen Sie eine neutrale Bewertung der Ist-Situation der Informationssicherheit bei Ihren Gesch\u00e4ftspartnern. Durch regelm\u00e4\u00dfige, unabh\u00e4ngige Audits kommen Sie Ihren Kontrollpflichten nach und schaffen Rechtssicherheit f\u00fcr Ihr Unternehmen.<\/p>\n\n\n\n<div style=\"height:20px\" aria-hidden=\"true\" class=\"wp-block-spacer\"><\/div>\n","protected":false},"excerpt":{"rendered":"<p>ISMS-Einf\u00fchrung Wir unterst\u00fctzen Sie bei der Planung und der Implementierung Ihres Informationssicherheitsmanagementsystems (ISMS). Wir erarbeiten mit Ihnen zusammen im Vorfeld Ihre Anforderungen an das Informationssicherheitsmanagement und begleiten Sie von der Konzepterstellung bis zum Go-Life. Danach stehen wir Ihnen bei der Aufrechterhaltung und der kontinuierlichen Verbesserung ihres Systems zur Seite. Audit-Vorbereitung Sie haben sich entschlossen, Ihr &hellip; <\/p>\n<p class=\"link-more\"><a href=\"https:\/\/www.ds-christiansen.de\/?page_id=165\" class=\"more-link\"><span class=\"screen-reader-text\">\u201eLeistungen im Bereich ISO\/IEC 27001\u201c <\/span>weiterlesen<\/a><\/p>\n","protected":false},"author":3,"featured_media":0,"parent":0,"menu_order":0,"comment_status":"closed","ping_status":"closed","template":"","meta":{"footnotes":""},"class_list":["post-165","page","type-page","status-publish","hentry"],"_links":{"self":[{"href":"https:\/\/www.ds-christiansen.de\/index.php?rest_route=\/wp\/v2\/pages\/165","targetHints":{"allow":["GET"]}}],"collection":[{"href":"https:\/\/www.ds-christiansen.de\/index.php?rest_route=\/wp\/v2\/pages"}],"about":[{"href":"https:\/\/www.ds-christiansen.de\/index.php?rest_route=\/wp\/v2\/types\/page"}],"author":[{"embeddable":true,"href":"https:\/\/www.ds-christiansen.de\/index.php?rest_route=\/wp\/v2\/users\/3"}],"replies":[{"embeddable":true,"href":"https:\/\/www.ds-christiansen.de\/index.php?rest_route=%2Fwp%2Fv2%2Fcomments&post=165"}],"version-history":[{"count":4,"href":"https:\/\/www.ds-christiansen.de\/index.php?rest_route=\/wp\/v2\/pages\/165\/revisions"}],"predecessor-version":[{"id":376,"href":"https:\/\/www.ds-christiansen.de\/index.php?rest_route=\/wp\/v2\/pages\/165\/revisions\/376"}],"wp:attachment":[{"href":"https:\/\/www.ds-christiansen.de\/index.php?rest_route=%2Fwp%2Fv2%2Fmedia&parent=165"}],"curies":[{"name":"wp","href":"https:\/\/api.w.org\/{rel}","templated":true}]}}